6?
1213
What is the remainder when 198082 is divided by 39616?
2
What is the remainder when 242100045 is divided by 466?
463
Calculate the remainder when 226910 is divided by 1800.
110
What is the remainder when 84093623 is divided by 467?
466
What is the remainder when 39173 is divided by 2857?
2032
Calculate the remainder when 10211554 is divided by 13.
2
What is the remainder when 180427 is divided by 181?
151
What is the remainder when 1452927 is divided by 2731?
35
What is the remainder when 199904 is divided by 3175?
3054
What is the remainder when 16198158 is divided by 341?
317
What is the remainder when 28757767 is divided by 3685?
27
Calculate the remainder when 222296 is divided by 1168.
376
Calculate the remainder when 11362836 is divided by 1032985.
1
Calculate the remainder when 18893669 is divided by 56.
53
Calculate the remainder when 154016 is divided by 15036.
3656
What is the remainder when 1844049 is divided by 250?
49
What is the remainder when 15939 is divided by 418?
55
Calculate the remainder when 10904070 is divided by 10904052.
18
What is the remainder when 12151204 is divided by 7036?
32
Calculate the remainder when 158725699 is divided by 196.
195
Calculate the remainder when 564781 is divided by 17647.
77
Calculate the remainder when 42883293 is divided by 888.
885
Calculate the remainder when 2610269 is divided by 19.
11
Calculate the remainder when 132100 is divided by 690.
310
What is the remainder when 100507 is divided by 61?
40
Calculate the remainder when 11661 is divided by 3931.
3799
Calculate the remainder when 26061896 is divided by 50.
46
What is the remainder when 129980594 is divided by 1501?
1499
Calculate the remainder when 164905 is divided by 160.
105
What is the remainder when 2017959 is divided by 37?
16
Calculate the remainder when 4174684 is divided by 90754.
0
What is the remainder when 438786 is divided by 21922?
346
Calculate the remainder when 1768202 is divided by 1161.
1160
Calculate the remainder when 2818760 is divided by 2.
0
Calculate the remainder when 3242118 is divided by 354.
186
Calculate the remainder when 48937 is divided by 2296.
721
What is the remainder when 263105 is divided by 438?
305
Calculate the remainder when 13560841 is divided by 21767.
0
Calculate the remainder when 2252437 is divided by 321721.
390
Calculate the remainder when 49295817 is divided by 24647894.
29
What is the remainder when 1101869 is divided by 55?
54
What is the remainder when 77621 is divided by 225?
221
Calculate the remainder when 62638762 is divided by 226952.
10
What is the remainder when 45592289 is divided by 2279614?
9
Calculate the remainder when 462251 is divided by 21977.
734
What is the remainder when 74390 is divided by 12251?
884
Calculate the remainder when 20306 is divided by 71.
0
Calculate the remainder when 1856609 is divided by 122.
13
Calculate the remainder when 426986 is divided by 826.
770
What is the remainder when 107891 is divided by 2915?
36
Calculate the remainder when 3721787 is divided by 2268.
2267
What is the remainder when 296919 is divided by 37112?
23
What is the remainder when 1268083 is divided by 2288?
531
What is the remainder when 3584684 is divided by 368?
364
What is the remainder when 29117 is divided by 696?
581
Calculate the remainder when 3134201 is divided by 74.
5
What is the remainder when 2305344 is divided by 3525?
3519
Calculate the remainder when 17546670 is divided by 19.
18
What is the remainder when 316303 is divided by 316271?
32
What is the remainder when 390933 is divided by 390926?
7
Calculate the remainder when 221323 is divided by 22127.
53
What is the remainder when 642431 is divided by 58400?
31
What is the remainder when 366501379 is divided by 218?
215
What is the remainder when 795939 is divided by 179?
105
What is the remainder when 199083 is divided by 853?
334
Calculate the remainder when 26720414 is divided by 1908597.
56
What is the remainder when 90223377 is divided by 1942?
1941
Calculate the remainder when 13387943 is divided by 96.
71
Calculate the remainder when 704226 is divided by 35193.
366
Calculate the remainder when 53677 is divided by 594.
217
Calculate the remainder when 2032535397 is divided by 168.
165
What is the remainder when 28068957 is divided by 9075?
9057
What is the remainder when 10005 is divided by 4842?
321
Calculate the remainder when 27308720 is divided by 250.
220
What is the remainder when 209049 is divided by 13065?
9
Calculate the remainder when 638056 is divided by 23630.
46
Calculate the remainder when 49789 is divided by 16525.
214
Calculate the remainder when 2115659 is divided by 1906.
1905
What is the remainder when 3947247 is divided by 4820?
4487
What is the remainder when 174508 is divided by 29075?
58
Calculate the remainder when 874918 is divided by 43.
40
Calculate the remainder when 5254217 is divided by 1406.
1401
What is the remainder when 176871462 is divided by 36?
6
What is the remainder when 867347 is divided by 45646?
73
Calculate the remainder when 469169 is divided by 296.
9
Calculate the remainder when 8697 is divided by 965.
12
What is the remainder when 150927 is divided by 3228?
2439
What is the remainder when 9822430 is divided by 2746?
2734
Calculate the remainder when 34047401 is divided by 6809474.
31
Calculate the remainder when 1240551 is divided by 81.
36
Calculate the remainder when 938306 is divided by 469130.
46
Calculate the remainder when 256027 is divided by 3590.
1137
Calculate the remainder when 1908639 is divided by 337.
208
What is the remainder when 54703 is divided by 6061?
154
Calculate the remainder when 5802132 is divided by 460.
152
Calculate the remainder when 528371 is divided by 1268.
883
What is the remainder when 429228836 is divided by 29?
10
Calculate the remainder when 1613266 is divided by 497.
4
Calculate the remainder when 644742 is divided by 1438.
518
Calculate the remainder when 646617 is divided by 32.
25
What is the remainder when 15353 is divided by 13968?
1385
What is the remainder when 45479 is divided by 517?
500
What is the remainder when 804824 is divided by 5747?
244
Calculate the remainder when 1536327 is divided by 31.
29
Calculate the remainder when 5012378 is divided by 15.
8
Calculate the remainder when 40750 is divided by 1406.
1382
Calculate the remainder when 1657615 is divided by 1027.
37
Calculate the remainder when 678956 is divided by 21901.
25
What is the remainder when 10672 is divided by 10390?
282
What is the remainder when 12710 is divided by 2608?
2278
Calculate the remainder when 140095676 is divided by 15.
11
What is the remainder when 6271606 is divided by 86?
56
Calculate the remainder when 437556 is divided by 9299.
503
What is the remainder when 14744708 is divided by 342900?
8
What is the remainder when 5868531 is divided by 14?
11
Calculate the remainder when 15448446 is divided by 73916.
2
Calculate the remainder when 674229 is divided by 465.
444
What is the remainder when 2955673 is divided by 209?
204
Calculate the remainder when 87816 is divided by 8769.
126
Calculate the remainder when 138099 is divided by 94.
13
What is the remainder when 3496996 is divided by 269?
265
Calculate the remainder when 844144 is divided by 202.
188
What is the remainder when 1062668 is divided by 200?
68
What is the remainder when 173189100 is divided by 10408?
10388
What is the remainder when 1557960 is divided by 89?
15
Calculate the remainder when 3343377 is divided by 303873.
774
What is the remainder when 2346663 is divided by 1173327?
9
Calculate the remainder when 106062 is divided by 3849.
2139
Calculate the remainder when 293302 is divided by 25.
2
Calculate the remainder when 27003 is divided by 1780.
303
Calculate the remainder when 174425785 is divided by 2310.
2305
Calculate the remainder when 74825632 is divided by 37.
14
Calculate the remainder when 409406 is divided by 2785.
11
Calculate the remainder when 117015 is divided by 2246.
223
Calculate the remainder when 2299022 is divided by 917.
103
What is the remainder when 71084 is divided by 650?
234
What is the remainder when 84288 is divided by 31?
30
Calculate the remainder when 100749 is divided by 33405.
534
Calculate the remainder when